d o.
26
Let c(i) = 33*i**2 + 26*i + 151. Let w be c(-5). Calculate the highest common factor of 12 and w.
6
Suppose -12*l = 22*l - 63036. Let z be l/36 - (-10)/4. What is the greatest common factor of 8 and z?
2
Suppose 0 = 40*z - 1208 - 1752. What is the highest common divisor of z and 851?
37
Let a(v) = -297 - 125*v - 315 + 62*v + 60*v. Let f be a(0). Let l be (10/3)/((-24)/f). What is the highest common divisor of 17 and l?
17
Suppose 0 = 3*a + a - 96. Let x(w) = w**3 + 12*w**2 - 9*w - 80. Let r be x(-7). Calculate the greatest common divisor of a and r.
12
Suppose -5*b + 33 = 8. Suppose -b*c = -5*k - 100, -3*c - c + 98 = 2*k. Let s be (1356/(-20))/(-3) - 18/(-45). What is the greatest common divisor of c and s?
23
Let x(y) = -y**3 - 9*y**2 - y - 14. Suppose -30 = -12*w + 15*w. Let m be x(w). Suppose 0 = -q - 10 + 22. What is the greatest common factor of m and q?
12
Let g be 7/(-7)*-1 + 2. Suppose -1191 = -g*y - 3*n, 8*y + n - 1597 = 4*y. Calculate the highest common factor of y and 16.
16
Suppose -101*o - 20 = -106*o, 706 = 2*s + 4*o. Calculate the highest common factor of 2277 and s.
69
Let q(k) = -k**3 + 8*k**2 - k + 4. Let l be q(8). Let x be (-2 - (4 + l)) + 31 - 1. Calculate the highest common factor of 12 and x.
4
Suppose l - 261 = 5*a + 108, 0 = -l + 2*a + 366. What is the greatest common divisor of l and 273?
91
Suppose 19 = 2*c + 55. Let k be (-4*(-6)/(-7))/(c/63). Calculate the highest common factor of k and 216.
12
Suppose -2*a - 16 = 2. Let x = a + 18. Suppose -z + 394 = 4*p, 0 = p + 4*z - 2*z - 95. What is the greatest common divisor of p and x?
9
Suppose -11*q = 336*q - 65236. Calculate the greatest common divisor of 3337 and q.
47
Let g(w) = -2*w + 10. Let z be g(-5). Let m(y) = y**3 + 23*y**2 - 81*y + 32. Let x be m(-26). What is the highest common factor of z and x?
10
Let u be (-3 - (8175/20)/15)*-4 + -9. Suppose 5*v - 3*v - 168 = 0. Calculate the greatest common factor of v and u.
28
Let f be (572/(-104))/((-2)/28). Suppose 0 = -4*p - 1 + 5. Let u(v) = 24*v - 2. Let h be u(p). Calculate the greatest common divisor of h and f.
11
Suppose 55704 = -42*x - 37*x + 101*x. What is the greatest common divisor of 24 and x?
12
Suppose 26*a + 54 = 17*a. Let n be 8/10 + a/((-210)/9737). What is the greatest common factor of n and 9?
9
Let r = 333 + -456. Let p = 5 - r. What is the greatest common divisor of 8 and p?
8
Let t = -1282 - -2704. Calculate the highest common factor of t and 198.
18
Suppose 2*r - w - 4*w + 7 = 0, w + 13 = 4*r. Let b(h) = 1767*h - 3506. Let p be b(2). What is the greatest common factor of p and r?
4
Let k = -12265 + 20117. What is the highest common divisor of 52 and k?
52
Let l(q) be the first derivative of -1/4*q**4 - 1/3*q**3 - 4 + 0*q**2 - 7*q. Let d be l(-3). Calculate the highest common factor of 33 and d.
11
Let z(o) = -o**2 - 45*o + 9. Let t be z(-45). Let f be 102 + t*4/(-12). What is the highest common divisor of 22 and f?
11
Let h(d) = 4*d**2 - 127*d + 114. Let z be h(31). What is the greatest common factor of 6 and z?
3
Suppose 1430*y = 1400*y + 193140. What is the highest common divisor of 174 and y?
174
Let x(k) = k**3 + 24*k**2 - 29*k + 9. Let u be x(-25). Let i(s) = -202*s + u*s + 21 + 107*s. Let j be i(11). Calculate the highest common divisor of 70 and j.
35
Suppose -4*n = n - 5*t - 275, -n + 49 = 2*t. Suppose -n = -7*r + 283. Calculate the highest common divisor of 18 and r.
6
Let d = 39 - 49. Let v(z) = -8*z - 64. Let r be v(d). Calculate the greatest common factor of r and 248.
8
Suppose -347*x + 1395 = -680*x + 342*x. Suppose -v + 2 = -3. Calculate the highest common divisor of x and v.
5
Let g(i) = 4*i**2 + 36*i - 89. Let w(d) = -d**2 + 5*d. Let z(t) = g(t) + 2*w(t). Let c be z(-25). Calculate the greatest common factor of 143 and c.
11
Let c(t) = t**3 - t**2 + 6. Suppose 0 = h + 2*h + w - 13, -w - 2 = -2*h. Let s be c(h). Let m = 24 - -96. Calculate the greatest common divisor of m and s.
24
Let d = 6862 + -6851. What is the greatest common factor of d and 20449?
11
Let v(x) = 16*x - 109. Let n be v(7). Suppose 27*h - 7488 = n*h. Calculate the greatest common divisor of h and 24.
24
Let t = 42 - 18. Let a = -4273 + 4313. What is the highest common divisor of a and t?
8
Let b = -38 + 42. Suppose -b*g - 2*s = -98, -1 - 25 = -g + s. Let a be (-2 + 6 + (-43)/2)*-10. What is the greatest common factor of a and g?
25
Let u be (4/5)/((-1)/5). Let d be 0*(-3 - u)*1. Let g = 9 + d. Calculate the highest common factor of g and 18.
9
Let j = 5 + -5. Suppose 0 = -5*c + 3*w + 50, -4*c - w + 0*w + 40 = j. Suppose -15*u = -355 - 20. Calculate the highest common divisor of u and c.
5
Let s be (-2*28/(-6))/((-4012)/(-102) - 39). What is the highest common factor of s and 8708?
28
Suppose -4*h + 3*h + 5*x - 414 = 0, -2*h + 4*x - 846 = 0. Let l = h + 441. Let z = -1 + 43. What is the highest common divisor of z and l?
6
Let x(w) = 270*w - 246. Let t be x(1). What is the greatest common factor of t and 300?
12
Suppose 520 = 4*p - 2*a, -4*p = -7*p + 5*a + 376. Let s = p + -128. What is the highest common divisor of s and 8?
4
Let y = 1107 - 489. Suppose -42 = 2*l - y. Calculate the greatest common divisor of 9 and l.
9
Let u = 19 + -8. Let t(w) = -8*w + 73. Let s be t(11). Let y be ((-72)/(-8) + s)/((-6)/88). Calculate the highest common divisor of u and y.
11
Suppose -181*s + 197*s - 8800 = 0. Suppose -209*o - s = -219*o. Calculate the greatest common divisor of 30 and o.
5
Let w be (-2 - -5) + (-3)/(-9)*3*5557. Calculate the greatest common factor of w and 100.
20
Let c be 9 + -7*1 + 9 + -6. Suppose 0 = -c*p + 4*k + 43, -5*p + 2*k = -0*k - 49. Let f = -175 + 318. What is the highest common divisor of f and p?
11
Let f = 7 - 2. Suppose -5*l + f*b + 1445 = 0, b - 1 = -2. Let y = 83 - 35. What is the highest common divisor of l and y?
48
Let l(s) = s**3 - 50*s**2 + 189*s + 197. Let u be l(46). Calculate the greatest common divisor of u and 14.
7
Let b(m) = 3*m**3 - 4*m**2 + 4*m. Let o be b(2). Let i = 25 - 36. Let u be i/(11/(-24))*1. Calculate the greatest common factor of o and u.
8
Let v = 2899 - 2827. What is the highest common divisor of v and 90?
18
Let d = -12741 - -12771. Let n be 2*(0 - (171 - -1)). Let l = n - -584. What is the highest common factor of l and d?
30
Suppose -2*z + 24 - 48 = 0. Let y be (-8)/(-32) - 33/z. Suppose -4*d = 2*v - 156, y*d + 0*v = 5*v + 130. Calculate the greatest common factor of 5 and d.
5
Suppose 8989 = 4*m - c, 12*m + 8984 = 16*m + 4*c. What is the highest common divisor of m and 63?
21
Let p = 22589 + -21133. What is the greatest common divisor of 8320 and p?
208
Let o be -25*3*(-24)/600*10. Calculate the greatest common divisor of o and 230.
10
Let m be -2*(24/18)/((-2)/3). Suppose -409 + 1860 = 3*d - 2*n, 5*d - 2411 = -m*n. What is the highest common factor of d and 21?
21
Let c(p) = -13*p**2 + 385*p - 128. Let b be c(14). What is the highest common divisor of b and 295?
59
Let t = 28 + -9. Suppose -2*a - 48 = -4*z + 160, -2*a = 2*z - 104. Let p = 5 + z. What is the highest common divisor of t and p?
19
Let w(p) be the first derivative of -p**3/3 + 4*p**2 + 44*p + 29. Let u be w(7). Calculate the highest common factor of 85 and u.
17
Suppose 3*u = -i + 5*i - 9, 9 = -4*i - 3*u. Suppose 6*t - 204 = -i*t. Calculate the highest common factor of 119 and t.
17
Suppose -165*d + 81 = -162*d. Let r = 30 + -27. Let f = 12 - r. What is the greatest common divisor of f and d?
9
Let l = -803 - -903. What is the highest common factor of l and 340?
20
Let g(h) = -h**3 - 10*h**2 + 2*h + 5. Let k be g(-10). Let j be k/(-20) + 4/16. What is the highest common factor of j and 34?
1
Suppose 4725 = 234*t - 18441. Let u(y) = -11*y. Let h be u(-4). What is the greatest common factor of t and h?
11
Suppose -3*a + 189 = 4*f, 0 = 5*a + 2 - 17. Suppose 0 = f*p - 38*p - 847. What is the greatest common divisor of 44 and p?
11
Suppose -5*a + 6 = -3*r, 4*r + 2*a + 8 = -0*a. Let z be -8*(-1)/r - -52. Let o(t) = -45*t - 30. Let v be o(-6). Calculate the highest common divisor of z and v.
48
Let y(u) = -u**3 - 11*u**2 - 2*u + 20. Let n be y(-9). Let o = 129 + n. Suppose 0 = -o*w + 10*w - 65. What is the greatest common divisor of 169 and w?
13
Let u(r) = 65*r**3 + r - 1. Let z be u(1). Let